{"id":285,"date":"2018-02-09T10:40:06","date_gmt":"2018-02-09T10:40:06","guid":{"rendered":"https:\/\/demo.themegrill.com\/colormag\/?page_id=285"},"modified":"2024-11-06T18:03:40","modified_gmt":"2024-11-06T15:03:40","slug":"contact-us","status":"publish","type":"page","link":"http:\/\/iatels.com\/index.php\/contact-us\/","title":{"rendered":"Contact Us"},"content":{"rendered":"\n<p><\/p>\n\n\n\n<hr class=\"wp-block-separator has-alpha-channel-opacity\"\/>\n\n\n\n<h5 class=\"wp-block-heading\"><strong>IATELS is established, curated  and sponsored by <\/strong><\/h5>\n\n\n\n<div class=\"wp-block-media-text is-stacked-on-mobile\" style=\"grid-template-columns:22% auto\"><figure class=\"wp-block-media-text__media\"><img loading=\"lazy\" decoding=\"async\" width=\"1024\" height=\"768\" src=\"http:\/\/iatels.com\/wp-content\/uploads\/2019\/02\/logo-01-1024x768.jpg\" alt=\"http:\/\/startinforum.com\" class=\"wp-image-367 size-full\" srcset=\"http:\/\/iatels.com\/wp-content\/uploads\/2019\/02\/logo-01-1024x768.jpg 1024w, http:\/\/iatels.com\/wp-content\/uploads\/2019\/02\/logo-01-300x225.jpg 300w, http:\/\/iatels.com\/wp-content\/uploads\/2019\/02\/logo-01-768x576.jpg 768w\" sizes=\"(max-width: 1024px) 100vw, 1024px\" \/><\/figure><div class=\"wp-block-media-text__content\">\n<h6 class=\"wp-block-heading\"><a href=\"http:\/\/startinforum.com\">STARTINFORUM International Project Management and Business Consultancy<\/a><\/h6>\n<\/div><\/div>\n\n\n\n<hr class=\"wp-block-separator has-alpha-channel-opacity\"\/>\n\n\n\n<h5 class=\"wp-block-heading\"><strong>Our Representation in Ukraine<\/strong><\/h5>\n\n\n\n<p><strong>Address: 7 Yaroslaviv Val Street, Kyiv, Ukraine, 02000<\/strong><\/p>\n\n\n\n<p><strong>Telephone number: +380 50 869 94 22<\/strong><\/p>\n\n\n\n<p><strong>E-mail: association@iatels.com<\/strong><\/p>\n\n\n\n<hr class=\"wp-block-separator has-alpha-channel-opacity\"\/>\n\n\n\n<h5 class=\"wp-block-heading\"><strong>Our Certification Partner in Turkey<\/strong><\/h5>\n\n\n\n<p><strong>Address: Arap Cami Mah. Bankalar Caddesi Voyvoda No: 19 \u0130\u00e7 Kap\u0131 No : 9 Beyo\u011flu \/ \u0130stanbul<\/strong><\/p>\n\n\n\n<p><strong>Telephone number: +90 549 610 71 05<\/strong><\/p>\n\n\n\n<p>Email: &nbsp;<strong>info@iatels.com<\/strong><\/p>\n\n\n\n<hr class=\"wp-block-separator has-alpha-channel-opacity\"\/>\n\n\n\n<h5 class=\"wp-block-heading\"><strong>Contacts for Special Questions and Inquiries<\/strong><\/h5>\n\n\n\n<p><\/p>\n\n\n\n<p><strong>Inquiries about collaboration and partnership: iatels.association@gmail.com<\/strong><\/p>\n\n\n\n<p><strong>Organising conferences and events: conference@iatels.com<\/strong><\/p>\n\n\n\n<p><strong>Education, training, courses: training@iatels.com<\/strong><\/p>\n\n\n\n<p><strong>Certification: certification@iatels.com<\/strong><\/p>\n\n\n\n<hr class=\"wp-block-separator has-alpha-channel-opacity\"\/>\n\n\n\n<h5 class=\"wp-block-heading\"><strong>Please feel free to contact our managers by filling out the form below:<\/strong><\/h5>\n\n\n<div class=\"everest-forms\"><div class=\"evf-container default\" id=\"evf-287\"><form id=\"evf-form-287\" class=\"everest-form\" data-formid=\"287\" data-ajax_submission=\"0\" data-keyboard_friendly_form=\"0\" method=\"post\" enctype=\"multipart\/form-data\" action=\"\/index.php\/wp-json\/wp\/v2\/pages\/285\"><div class=\"evf-field-container\"><input type=\"hidden\" id=\"_wpnonce287\" name=\"_wpnonce287\" value=\"aebc93261b\" \/><input type=\"hidden\" name=\"_wp_http_referer\" value=\"\/index.php\/wp-json\/wp\/v2\/pages\/285\" \/><div class=\"evf-frontend-row\" data-row=\"row_1\" conditional_rules=\"[]\"><div class=\"evf-frontend-grid evf-grid-1\" data-grid=\"grid_1\"><div id=\"evf-287-field_lVizlNhYus-1-container\" class=\"evf-field evf-field-text form-row validate-required\" data-required-field-message=\"This field is required.\" data-field-id=\"lVizlNhYus-1\"><label class=\"evf-field-label\" for=\"evf-287-field_lVizlNhYus-1\"><span class=\"evf-label\">Name<\/span> <abbr class=\"required\" title=\"Required\">*<\/abbr><\/label><input type=\"text\" id=\"evf-287-field_lVizlNhYus-1\" class=\"input-text\" name=\"everest_forms[form_fields][lVizlNhYus-1]\" required><\/div><div id=\"evf-287-field_XYnMdkQDKM-3-container\" class=\"evf-field evf-field-email form-row validate-required validate-email\" data-required-field-message=\"Please enter a valid email address.\" data-field-id=\"XYnMdkQDKM-3\"><label class=\"evf-field-label\" for=\"evf-287-field_XYnMdkQDKM-3\"><span class=\"evf-label\">Email<\/span> <abbr class=\"required\" title=\"Required\">*<\/abbr><\/label><input type=\"email\" id=\"evf-287-field_XYnMdkQDKM-3\" class=\"input-text\" name=\"everest_forms[form_fields][XYnMdkQDKM-3]\" required ><div class=\"evf-field-description\">Please leave your email address here if you want to receive our answer to your questions<\/div><\/div><div id=\"evf-287-field_xJivsqAS2c-2-container\" class=\"evf-field evf-field-text form-row validate-required\" data-required-field-message=\"This field is required.\" data-field-id=\"xJivsqAS2c-2\"><label class=\"evf-field-label\" for=\"evf-287-field_xJivsqAS2c-2\"><span class=\"evf-label\">Subject<\/span> <abbr class=\"required\" title=\"Required\">*<\/abbr><\/label><input type=\"text\" id=\"evf-287-field_xJivsqAS2c-2\" class=\"input-text\" name=\"everest_forms[form_fields][xJivsqAS2c-2]\" required><\/div><div id=\"evf-287-field_YalaPcQ0DO-4-container\" class=\"evf-field evf-field-textarea form-row\" data-field-id=\"YalaPcQ0DO-4\"><label class=\"evf-field-label\" for=\"evf-287-field_YalaPcQ0DO-4\"><span class=\"evf-label\">Message<\/span> <\/label><textarea id=\"evf-287-field_YalaPcQ0DO-4\" class=\"input-text\" name=\"everest_forms[form_fields][YalaPcQ0DO-4]\"  ><\/textarea><\/div><\/div><\/div><\/div><div class=\"evf-submit-container \" ><input type=\"hidden\" name=\"everest_forms[id]\" value=\"287\"><input type=\"hidden\" name=\"everest_forms[author]\" value=\"1\"><button type='submit' name='everest_forms[submit]' class='everest-forms-submit-button button evf-submit ' id='evf-submit-287' value='evf-submit' data-process-text=\"Processing&hellip;\" conditional_rules='&quot;&quot;' conditional_id='evf-submit-287'  id=\"evf-submit-287\" aria-live=\"assertive\">Submit<\/button><\/div><\/form><\/div><!-- .evf-container --><\/div>","protected":false},"excerpt":{"rendered":"<p>IATELS is established, curated and sponsored by STARTINFORUM International Project Management and Business Consultancy Our Representation in Ukraine Address: 7<\/p>\n","protected":false},"author":1,"featured_media":0,"parent":0,"menu_order":0,"comment_status":"closed","ping_status":"closed","template":"page-templates\/contact.php","meta":{"_mo_disable_npp":"","footnotes":""},"class_list":["post-285","page","type-page","status-publish","hentry"],"_links":{"self":[{"href":"http:\/\/iatels.com\/index.php\/wp-json\/wp\/v2\/pages\/285"}],"collection":[{"href":"http:\/\/iatels.com\/index.php\/wp-json\/wp\/v2\/pages"}],"about":[{"href":"http:\/\/iatels.com\/index.php\/wp-json\/wp\/v2\/types\/page"}],"author":[{"embeddable":true,"href":"http:\/\/iatels.com\/index.php\/wp-json\/wp\/v2\/users\/1"}],"replies":[{"embeddable":true,"href":"http:\/\/iatels.com\/index.php\/wp-json\/wp\/v2\/comments?post=285"}],"version-history":[{"count":30,"href":"http:\/\/iatels.com\/index.php\/wp-json\/wp\/v2\/pages\/285\/revisions"}],"predecessor-version":[{"id":2499,"href":"http:\/\/iatels.com\/index.php\/wp-json\/wp\/v2\/pages\/285\/revisions\/2499"}],"wp:attachment":[{"href":"http:\/\/iatels.com\/index.php\/wp-json\/wp\/v2\/media?parent=285"}],"curies":[{"name":"wp","href":"https:\/\/api.w.org\/{rel}","templated":true}]}}